2 + 59*r**2/2 + 8*r - 61. Calculate u(-12).
23
Let p(s) = s**3 + 7*s**2 - 2*s + 3. Suppose -8*f + 1671 = -969. Let q be 10/8 + f/(-40). Give p(q).
17
Let s be (224/(-6))/(13/(-39)). Suppose -17*a - s = -3*a. Let d(l) = 2 - l**3 + 6 - 9*l**2 - 6*l - l. Determine d(a).
0
Let g(i) = -i**3 + 4*i**2 + 5*i + 5. Let o(v) be the third derivative of 0 - 1/8*v**4 + 0*v - 19/6*v**3 - 24*v**2. Let l be o(-8). Determine g(l).
5
Let t be 0 - ((-2)/(-2) + -5). Let j = t + -6. Let r(b) be the third derivative of b**5/12 + b**4/24 + b**3/3 + 2*b**2 + 200*b. What is r(j)?
20
Let h(b) = -b**3 + 2*b**2 + 3*b - 3. Let z be 2/14 - (-68)/14. Suppose -j = -3*j - z*x + 20, j - 17 = x. Suppose -j = f - 17. Calculate h(f).
3
Let g(k) be the second derivative of -k**4/6 + 25*k**3/2 + 17*k**2 - 2*k + 1207. Calculate g(38).
-4
Let i(t) be the second derivative of 1/20*t**5 + 3/2*t**2 - 1/3*t**4 - 8*t - 1/6*t**3 - 5. What is i(3)?
-9
Let b(g) = g + 13. Let a(j) = -55*j - 85 + 3728*j**2 - j**3 - 5*j**3 - 3756*j**2 + 5*j**3. Let f be a(-26). Determine b(f).
6
Let r(h) = -186*h**2 + 187*h**2 + 28*h - 735 + 667. Give r(-30).
-8
Suppose 20 = -s + 11*s. Let y be s + 2 + 23 + -23. Let l(w) = 5*w**2 - 3*w + 7. Let q(v) = -6*v**2 + 4*v - 8. Let r(c) = 7*l(c) + 6*q(c). Give r(y).
-3
Let y(l) = -l**3 - 6*l**2 + 7*l + 6. Let o = 14 + -21. Let i be y(o). Let w(x) = -5 + 37*x**2 + 14*x**2 + 83*x - 88*x - 50*x**2. Give w(i).
1
Let z(t) be the first derivative of t**5/20 + t**4/2 - t**3/6 + 5*t**2/2 - 6*t - 49. Let q(i) be the first derivative of z(i). Determine q(-6).
11
Let o be (-5)/(-20) + (182/8 - -1). Suppose -o = -i - 5*i. Suppose -5*p = -3*a + 8, -i*a = -0*a + 16. Let m(x) = x**2 + 4*x. Calculate m(p).
0
Let t(d) = -d**2 - 7*d - 1. Let a(j) = j**2 + 3*j - 11. Let s be a(-6). Let b(h) = 2*h + 20. Let m be b(s). Let v = m + -40. Determine t(v).
5
Let u(y) = -779*y**2 + 374*y**2 - 8 + 3*y + 407*y**2. What is u(-3)?
1
Let n(q) = 16*q + 7. Suppose 5*l + 27*l + 64 = 0. Let z(y) = 7*y + 3. Let s(w) = l*n(w) + 5*z(w). Determine s(-2).
-5
Let x(h) = 2*h**3 + 6*h**2 - 3*h - 18. Let t = -6419 + 6415. What is x(t)?
-38
Let u(w) = 11*w**3 + 2*w**2 - 5*w + 2. Suppose 16 = -5*q - 3*b, 4*q - 8*q + b = -11. Give u(q).
10
Suppose 22 = -2*j + 32. Suppose -3*v - 4*t + 28 = 0, j*v + 2*t + 2*t - 60 = 0. Let r(l) = -5 + l**2 + 11*l - v*l - 4*l + 14. Give r(6).
-9
Let m be (-5)/2*(-6)/15. Suppose 8 = 2*h + 4*w, -2*h + 1 + m = w. Suppose 4*n + 2*b + 34 = h, 2 = 3*b + 17. Let t(v) = v**3 + 7*v**2 + 3*v - 1. Give t(n).
17
Let v = 26 - 22. Let t(p) = 10 - 2*p**2 - v*p + 2*p - 6. Let g be -3*4/24*6. Give t(g).
-8
Let y(b) = -2*b - 321. Let w(q) = 7*q + 847. Let o(h) = -3*w(h) - 8*y(h). Determine o(-18).
117
Let v(j) = j + 10. Let n(l) = -l - 5. Let p(k) = 5*n(k) + 4*v(k). Give p(16).
-1
Let z(a) be the second derivative of -a**5/20 - a**4/6 + a**3/2 - 9*a**2 - 151*a - 1. What is z(-4)?
2
Let v(q) = 34*q - 26. Let x be v(4). Let t be x/70 - 3/(-7). Let o(j) = 2*j**2 + j. Give o(t).
10
Let m(u) = 2*u**2 - 2*u - 11. Suppose 4*p - 2*w - 6 = 0, 0*p = -2*p + 4*w - 12. Let s(h) = h**2 - h - 8. Let q(y) = p*s(y) - 3*m(y). Calculate q(3).
-11
Let g(s) be the second derivative of -6*s + 5 - 3/2*s**2 + 1/3*s**4 + 1/2*s**3. Give g(-3).
24
Let d = -15994 + 15987. Let w(t) be the second derivative of t**4/12 + t**3/3 - 2*t. Determine w(d).
35
Let q(y) = -y + 4. Suppose -8*z + 4*z - 2*r = -30, 2*z + 2*r = 18. Suppose 6 + z = 4*i. Let k be (i + -2)*(3 - -1). Determine q(k).
0
Let n(t) = -2*t**2 - 86*t + 182. Suppose v - 518*b + 33 = -514*b, 4*v - 3*b = -171. Give n(v).
2
Suppose -9*o = -2*o - 42. Let j(l) = -16 - 21*l + 29*l - o*l. Determine j(9).
2
Let g(s) be the first derivative of s**4/24 - 4*s**3/3 - 97*s**2 + 296. Let h(p) be the second derivative of g(p). Determine h(4).
-4
Suppose -4*w + 20 = 2*i, 26*i - 9 = w + 23*i. Let y be -2 + 2/(2/2). Let l(o) = 0*o - 3*o + o**2 - 4 + y. What is l(w)?
-4
Let c(q) be the first derivative of -q**3/3 - 19*q**2/2 - 36*q + 1499. Calculate c(-16).
12
Let x be 5/(-2)*36/(-45). Let q(w) be the first derivative of -175 + 177 + 0*w**2 - w**x + 3*w. What is q(6)?
-9
Let y(n) = -n - 3. Suppose 2*a + 2 = 0, a - 6 = -2*v - 3. Let x(k) = k**3 + k + k**v - 3*k**2 - 2*k**2 + 2. Let m be x(3). Give y(m).
1
Suppose 108*h + 430 = -218. Let b(k) = 5*k**3 + 31*k**2 + 3*k - 6. Determine b(h).
12
Let w(v) be the second derivative of v**4/12 - v**3/2 + 2*v**2 + 16*v. Let s = 838 - 833. Determine w(s).
14
Let q(z) = 21*z - 31*z - 82 - 18*z + 0*z. Calculate q(-3).
2
Let u(c) = -c - 452*c**2 - 10 + 6*c + 915*c**2 - 460*c**2. Determine u(-5).
40
Let u(g) = 6*g**3 + 2*g**2 + 7*g + 6. Let i be -8*19/(-608)*-4. Determine u(i).
-5
Suppose -43*y - 66 = -21*y. Let w(n) = 12*n**2 + 24*n + 18. Let i(x) = -7*x**2 - 13*x - 10. Let r(f) = y*w(f) - 5*i(f). Calculate r(-8).
-12
Let w(k) = 8*k - 9. Let q = -2521 - -2528. Calculate w(q).
47
Let u(o) = -15*o**2 + o**2 + 18*o - 7 + 10*o**2 + 10 + 7*o**2. Determine u(-6).
3
Let f(s) = -s**3 - 11*s**2 - 9*s + 10. Let n(d) = -d**3 + 13*d**2 - 11*d - 12. Let m be n(12). Let v be (760/(-60))/(m - (-4)/6). Let b = v + 9. Calculate f(b).
0
Let k be (6/9)/((-530)/(-534) - 1). Let x = -82 - k. Suppose 5*n - 1 = l + x, n - 10 = -4*l. Let q(s) = -s**3 + 3*s**2 - 3*s + 3. What is q(n)?
1
Let x(u) be the second derivative of u**5/20 + u**4/3 + u**3/3 + u**2/2 + 2*u. Suppose -b + 17 = -17*w + 14*w, -2*b + 4 = 0. Calculate x(w).
-34
Let f(v) be the second derivative of -5*v**4/12 + 2*v**3/3 - 7*v**2/2 - 1069*v. What is f(-4)?
-103
Let i(n) = 4*n + 5 + 2 + 8 - 25 - 2*n. Give i(8).
6
Let h(g) = -g - 3. Let z be h(-10). Let y(b) = -z*b**2 - b**3 - 5*b**3 + 8*b**3 - 3*b**3 + b + 4. What is y(-7)?
-3
Suppose 0 = s - 5*r - 6 - 1, -3*r = 3*s - 21. Let y(j) be the first derivative of 51 + 5/2*j**2 - 8*j. Give y(s).
27
Let h(p) = 49*p - 11. Let m(i) = 99*i - 23. Let g(z) = 13*h(z) - 6*m(z). Let q(l) = 15*l - 2. Let v(d) = 3*g(d) - 8*q(d). Determine v(1).
10
Let n(b) be the second derivative of -b**4/6 - 19*b**3/3 + 29*b**2/2 + 2101*b. What is n(-20)?
-11
Suppose -228 = -51*s + 39*s. Suppose -1 = 3*x + r + 6, s = -5*x + 2*r. Let l(o) = 2*o**2 - 2*o**2 - o + o**2 - 3. Calculate l(x).
9
Let f = 297 - 275. Let n(y) = -y**3 + 39*y**2 - 24*y**2 - f*y**2 - y + 6. Determine n(-7).
13
Let v = 0 + 5. Suppose a = -36*s + 41*s - 49, -4*s + 43 = 3*a. Suppose 0 = -v*x - 25 + s. Let j(c) = -c**3 - 5*c**2 - 4*c + 1. What is j(x)?
-5
Let b(f) = -3*f**3 - f**2 - 2. Let d(i) be the first derivative of -i**4/2 - 8*i**3/3 - 3*i**2 + 2*i - 14. Let v be d(-3). What is b(v)?
-30
Suppose -3*g - 5 - 7 = 0. Let h(n) = 2342734*n**2 - 3*n - 1171368*n**2 - 1171367*n**2 + 9. Determine h(g).
5
Let y = 298 - 292. Let b(a) = y - 10 + 2*a + 7 - 2. Give b(4).
9
Let w(r) be the first derivative of r**2/2 - r - 442. Let k be (2/4)/((-1)/(-2)). Suppose -x + k = -0. Give w(x).
0
Let s(h) = 6*h - 1. Let j = -372 + 377. Suppose j*v + 2 = 2*i, 14*v - 10*v = 4*i - 16. What is s(i)?
35
Let v(b) = b**3 + 4*b**2 + 4*b - 4. Suppose y - 1 = 2*w, -84*y + 3*w = -82*y. Give v(y).
-7
Let i(u) = 2*u**3 + 13*u**2 + 4*u - 18. Suppose v - 48*r + 44*r + 18 = 0, 5*v - 2*r + 36 = 0. Calculate i(v).
-6
Let t(n) = 37 + n**2 - 3*n**2 - 2*n + n**2 + 4*n - 3*n. Determine t(5).
7
Let t(z) = -4*z + 44. Let c(b) = -11*b + 132. Let i(x) = -3*c(x) + 8*t(x). Calculate i(28).
-16
Let g = -324 - -326. Let f(x) = -56 + 137 - x - 3*x**2 - 68 + 2*x**g. Give f(-4).
1
Let j be (-6)/(-15)*(-10)/1. Let b(q) = -21*q**2 - 76*q - 28. Let g(n) = -4*n**2 - 13*n - 4. Let d(o) = -b(o) + 5*g(o). Give d(j).
-20
Suppose 0 = -7*f - 268 - 740. Let z be (-10)/(-6)*f/(-120). Let h(t) = t**3 - 3*t**2 - 2. Give h(z).
-6
Let s be (0 - -1)/((-2)/14). Let b(q) be the first derivative of q**3/3 + 2*q**2 - q + 5753. Calculate b(s).
20
Suppose 9*k = -19*k + 532. Let u(l) = -l + 22. Calculate u(k).
3
Let i be (2 + 21/(-9))*-6. Let f(z) = 15*z - 4*z**2 - 43*z - 2*z**3 - i + 24*z. Give f(-2).
6
Suppose 0 = 2*n + 155 - 147. Let d(p) be the second derivative of -7*p + 0 - 3/2*p**2 - 1/4*p**4 + 1/3*p**3 - 1/20*p**5. Determine d(n).
5
Let b(i) = 4*i + 4. Let o(w) = 3*w + 4. Suppose d - 5 = -5*p, -5*p - 10 = -4*d + 10. Let a(c) = d*b(c) - 6*o(c). Give a(4).
4
Let s = -76 + 74. Let x(c) = -3*c - 2. Le